 - (-4)/(-22).
5
Let j(d) = -d + 2. Let g be j(1). Let l be (0 + -2)*-1 + -1. Let z = g + l. What is the remainder when z is divided by 1?
0
Suppose 4*i = 60 + 68. Let h be (4/6)/((-24)/108). What is the remainder when i is divided by -68*h/(12/1)?
15
Suppose 0*j - 5*j = -10. Suppose 0 = -j*c + 6, i - 6 = -2*i + c. What is the remainder when (-1)/(10/11 + -1) is divided by i?
2
Suppose -9 = -v + r + 1, -10 = -5*v - 3*r. Suppose -v*m - m = -114. Calculate the remainder when m is divided by (2/2)/(2/14).
5
Let z = -6 + 16. Let k be 3/(-1) + 2 - 3. Let t = z + k. What is the remainder when 17 is divided by t?
5
Let h = -16 - -42. Let b = 1 - -13. What is the remainder when h is divided by b?
12
Let s = 59 - 32. Calculate the remainder when 10 is divided by (-3 - 0)*(-36)/s.
2
Suppose 0 = 2*v - 2*s - 42, 3*v = -3*s + 3 + 42. What is the remainder when 30 is divided by v?
12
What is the remainder when 13 is divided by 0 - (-1 - 0 - 6)?
6
Let w = 1 - -1. What is the remainder when w/3 - 291/(-9) is divided by 12?
9
Suppose 5*a = 3*b - 202, -4*b + 5*a + 64 = -3*b. Calculate the remainder when b is divided by 35.
34
Let q(o) = -o - 1. Let g(c) = c**3 - 6*c**2 + 3*c - 5. Let p(k) = g(k) + 2*q(k). What is the remainder when p(7) is divided by 2/2*(-136)/(-8)?
15
Let r = -6 - -2. Let u(w) = -1 + 1 - 7*w - 2 + 0. What is the remainder when u(r) is divided by 9?
8
What is the remainder when 66 is divided by (-67)/(-4) + 8/32?
15
Suppose -18*h = -19*h + 147. What is the remainder when h is divided by 30?
27
Suppose 0 = 5*j - 0*j - 20. Suppose -j*r + 237 = -h - 4*h, -4*r + 235 = -3*h. Calculate the remainder when r is divided by 20.
18
Suppose 3*t = -89 + 371. What is the remainder when t is divided by 33?
28
Let d(a) = -10*a - 3. Let w(z) = z**2 - 2*z + 3. Let i be w(2). Suppose -i*u + 250 = 2*u. What is the remainder when u is divided by d(-2)?
16
Let x(p) = -p - 7. Let t be x(0). Calculate the remainder when (t - (4 - 3))/(-2) is divided by -2 + (1 + 1 - -2).
0
What is the remainder when 100 is divided by (-4)/(-12)*51*2?
32
Let h be (5 - 1) + 3/3. Suppose -h*k - k + 54 = 0. Calculate the remainder when 44 is divided by k.
8
Suppose 0 = -3*q + 8*q. Suppose 4*k - 12 - 8 = q. Suppose k*s - 135 = -5*r, -r + 4*s + 35 = s. Calculate the remainder when 56 is divided by r.
27
Suppose 10*l + 4*l = 518. What is the remainder when l is divided by 10?
7
Suppose 24*z + 210 = 26*z. What is the remainder when z is divided by 27?
24
Suppose 0 = 2*b + 6, 3*h = 2*b + 36 + 30. Let u(o) = 28*o + 2. Let c(s) = -2*s - 4. Let n be c(-3). Calculate the remainder when u(n) is divided by h.
18
Suppose -4*a - 5*c - 25 = a, 2*a = 3*c - 25. Let u = a + 24. Calculate the remainder when 46 is divided by u.
14
Let s be 2277/9 - -3*1. Suppose y + 0*y + s = 5*r, 5*r + 2*y - 253 = 0. Let j = r - 36. What is the remainder when 58 is divided by j?
13
Let d(k) = -k**3 - 12*k**2 + 38*k + 17. Calculate the remainder when d(-15) is divided by 31.
29
Let l(o) = -o**3 + 9*o**2 - 2*o - 11. What is the remainder when l(8) is divided by 13?
11
Let a(v) = v - 19. Let d be a(-10). Let i = d + 41. What is the remainder when i is divided by 3?
0
Let a(p) = 2*p + 8. What is the remainder when a(9) is divided by 14?
12
Let z be (-48)/(-21) - (-2)/(-7). Suppose z + 3 = b. What is the remainder when (-8)/10 - -13*3/5 is divided by b?
2
Suppose 4*w + 0*w = 104. Calculate the remainder when w is divided by 14.
12
Suppose -5*f - 28 = 22. Let g(n) = n**2 + 11*n + 14. Calculate the remainder when 9 is divided by g(f).
1
Let q(k) = -8*k - 62. What is the remainder when q(-13) is divided by 5?
2
What is the remainder when (-7)/((-1)/24*3) is divided by 20?
16
Let b(z) be the third derivative of z**6/120 + z**5/5 + 11*z**3/6 + 5*z**2. Calculate the remainder when b(-12) is divided by 7.
4
Let z be 2*(-7)/(-2) - 1. Suppose 2*v - z - 62 = 0. What is the remainder when v is divided by 18?
16
What is the remainder when 47 + -1 + 4/4 is divided by 12?
11
Let n(d) = d**2 + 7*d + 3. Let u be n(-7). Let c = 4 + -4. Suppose -2*j - u*j + 15 = c. What is the remainder when 4 is divided by j?
1
Suppose 21 - 2 = n. Calculate the remainder when 55 is divided by n.
17
Let k be 6 + -1 + (-2 - -2). Suppose -k*d + 2*d = 5*t + 28, 5*d = -5. Let a = t + 6. What is the remainder when 3 is divided by a?
0
Let m = 25 - 17. Suppose -5*u + 2 = -m. What is the remainder when 50 is divided by ((-26)/u)/(3 - 4)?
11
Suppose 5*u - 16 - 4 = -5*l, l - 3 = -2*u. Suppose s + d - 1 = 2*s, -d + 1 = -l*s. Let a = 9 - s. What is the remainder when 26 is divided by a?
8
Suppose 129 + 63 = 3*x. Let b = -34 + x. Calculate the remainder when b is divided by 1 - (36/(-3) + -3).
14
Let y(z) = z**2 + 2*z - 4. Let k be y(-4). Suppose 0 = -k*c + 2*c + 26. Calculate the remainder when 37 is divided by c.
11
Suppose -30 = -2*u + 5*j, 6*j = 3*j - 12. Let o = -1 + u. Calculate the remainder when 6 is divided by o.
2
Let h = 0 + 5. Suppose -u + h*u = 72. Calculate the remainder when u is divided by 7.
4
Let m = -13 + 26. What is the remainder when m + 1 + (-2 - -3) is divided by 9?
6
What is the remainder when (-10 - -41) + -4*1 is divided by 15?
12
Calculate the remainder when 30 is divided by ((-1)/(-3))/((-7)/(-189)).
3
Suppose -4 = -2*o + 6. What is the remainder when 12 is divided by o?
2
Let o(n) = n - 3. Let s be o(7). Suppose -s*a = -35 - 5. Calculate the remainder when 39 is divided by a.
9
Suppose -4*i + 17 - 1 = 0. Suppose -3*o - 2*u = -37, u - 49 - 7 = -i*o. What is the remainder when 29 is divided by o?
14
Let m = -85 + 182. What is the remainder when m is divided by 20?
17
Let k = -79 - -127. Let a(r) = -10*r**3 - 2*r - 1. Calculate the remainder when ((-16)/k)/((-1)/93) is divided by a(-1).
9
Suppose n = -0*q - q - 19, 0 = -3*q + 2*n - 67. Let m = -12 - q. Calculate the remainder when 50 is divided by ((-34)/3)/((-6)/m).
16
Suppose -49 = -2*p - 5. Calculate the remainder when 41 is divided by p.
19
Suppose -12 = 4*w, 5*r - 3*r + 5 = -3*w. What is the remainder when (-1 - -2 - -4) + -2 is divided by r?
1
Let l be (9/(-5))/(12/(-40)). Let t = l + 7. Calculate the remainder when 36 is divided by t.
10
Let w = 39 - -6. What is the remainder when w is divided by 16?
13
Suppose -3*x + 5*g = -14 - 29, -2 = g. What is the remainder when 20 is divided by x?
9
Let o = 34 + -20. What is the remainder when 26 is divided by o?
12
Let d(i) = i**3 + 10*i**2 + 5. Let n be d(-5). Suppose 0 = -2*q + 7*q - n. What is the remainder when q is divided by 7?
5
Suppose 0 = -5*u + c + 63, 4*u + c - 41 = u. Calculate the remainder when 35 is divided by u.
9
Suppose -4 = y - 16. Calculate the remainder when 57 is divided by y.
9
Let u = -11 + 26. Suppose 3*d = d + 5*m + 78, -142 = -3*d - 5*m. What is the remainder when d is divided by u?
14
Let t be -6 - (-3)/(3/2). What is the remainder when 5 is divided by t*((-15)/4 + 3)?
2
Suppose -2*s + 0 = -36. Suppose 4*i = -i - 3*l + 6, 3*l - 6 = -3*i. Suppose i = -p - p + 70. What is the remainder when p is divided by s?
17
Suppose 3*z = -3*c + 21, 22 = 3*z + 2*c - 3. Let b(p) = -p**2 - 7*p - 6. Let s be b(-4). Suppose -q - s = -2*q. What is the remainder when z is divided by q?
5
Let c(k) = 2*k**3 - 3*k + 1. Suppose -2*x + 48 = 2*x. Calculate the remainder when c(3) is divided by x.
10
Suppose -2 = -y + 5. Suppose 4*b + a - 13 = y, -a + 25 = 5*b. Suppose 59 = 4*h - 0*h + x, 4*x = 4*h - 44. Calculate the remainder when h is divided by b.
4
Let t(r) = r**3 - 11*r**2 + 14*r - 15. Let h be t(10). Let x = h + 1. Calculate the remainder when 50 is divided by x.
24
Suppose -h + 5*c + 4 = -5, 12 = h - 4*c. Calculate the remainder when h is divided by 9.
6
Suppose -8*w + 3*w = -5*r + 25, -2*r = -4*w - 22. Calculate the remainder when w/(-27) - 1288/(-36) is divided by 19.
17
Let o(t) = 22*t - 3. Let a(u) = -1. Let f(j) = 6*a(j) - o(j). Calculate the remainder when f(-3) is divided by 13.
11
Suppose -10 = 5*t - 0*t. Let g be (-2)/(t*3/48). Let l = g - -30. What is the remainder when l is divided by 12?
10
Suppose -825 = -13*h + 10*h. What is the remainder when h is divided by 46?
45
What is the remainder when 37 is divided by -1*(2 + -1 + -20)?
18
Let s = -34 + 45. Calculate the remainder when 42 is divided by s.
9
Suppose 0 = -r + 14 - 5.